{"id":13,"date":"2025-12-24T17:47:22","date_gmt":"2025-12-24T16:47:22","guid":{"rendered":"https:\/\/fundacjapodskrzydlamianiolow.pl\/?page_id=13"},"modified":"2025-12-25T17:19:00","modified_gmt":"2025-12-25T16:19:00","slug":"bezpieczenstwo","status":"publish","type":"page","link":"https:\/\/fundacjapodskrzydlamianiolow.pl\/?page_id=13","title":{"rendered":"Bezpiecze\u0144stwo"},"content":{"rendered":"\n<h2 class=\"wp-block-heading has-medium-font-size\" style=\"padding-top:1rem;padding-bottom:1rem\">Bezpieczna przestrze\u0144 to podstawa<\/h2>\n\n\n\n<p>W Fundacji Pod Skrzyd\u0142ami Anio\u0142\u00f3w bezpiecze\u0144stwo \u2013 emocjonalne i fizyczne \u2013 jest fundamentem ka\u017cdego dzia\u0142ania.<\/p>\n\n\n\n<p>Tworzymy przestrze\u0144, w kt\u00f3rej dzieci, m\u0142odzie\u017c i doro\u015bli mog\u0105 czu\u0107 si\u0119 wys\u0142uchani, chronieni i traktowani z szacunkiem.<\/p>\n\n\n\n<h2 class=\"wp-block-heading has-medium-font-size\" style=\"padding-top:1rem;padding-bottom:1rem\">Jak dbamy o bezpiecze\u0144stwo<\/h2>\n\n\n\n<ul class=\"wp-block-list\">\n<li>dzia\u0142amy z uwa\u017cno\u015bci\u0105 i wra\u017cliwo\u015bci\u0105 na granice drugiego cz\u0142owieka<\/li>\n\n\n\n<li>nie oceniamy, nie wywieramy presji, nie narzucamy rozwi\u0105za\u0144<\/li>\n\n\n\n<li>wspieramy w tempie, kt\u00f3re jest bezpieczne i komfortowe dla osoby potrzebuj\u0105cej<\/li>\n\n\n\n<li>kierujemy  si\u0119 empati\u0105, odpowiedzialno\u015bci\u0105 i etyk\u0105 pracy z drugim cz\u0142owiekiem   <\/li>\n<\/ul>\n\n\n\n<p>Bezpiecze\u0144stwo to dla nas nie kontrola \u2013 to relacja oparta na zaufaniu.<\/p>\n\n\n\n<h2 class=\"wp-block-heading has-medium-font-size\" style=\"padding-top:1rem;padding-bottom:1rem\">Ochrona dzieci i m\u0142odzie\u017cy<\/h2>\n\n\n\n<p>Szczeg\u00f3ln\u0105 trosk\u0105 otaczamy dzieci i m\u0142odzie\u017c.                                                                                   Nasze dzia\u0142ania s\u0105 zgodne z obowi\u0105zuj\u0105cymi w Polsce przepisami dotycz\u0105cymi ochrony os\u00f3b ma\u0142oletnich, w tym m.in.<\/p>\n\n\n\n<ul class=\"wp-block-list\">\n<li>ustaw\u0105 o przeciwdzia\u0142aniu przemocy domowej<\/li>\n\n\n\n<li>ustaw\u0105 o wspieraniu i resocjalizacji nieletnich<\/li>\n\n\n\n<li>standardami ochrony ma\u0142oletnich przepisami dotycz\u0105cymi danych osobowych<\/li>\n<\/ul>\n\n\n\n<p>W praktyce oznacza to, \u017ce<\/p>\n\n\n\n<ul class=\"wp-block-list\">\n<li>Ka\u017cda forma wsparcia odbywa si\u0119 w spos\u00f3b bezpieczny i przejrzysty<\/li>\n\n\n\n<li>reagujemy, gdy pojawia si\u0119 sygna\u0142 zagro\u017cenia dobra dziecka<\/li>\n\n\n\n<li>wsp\u00f3\u0142pracujemy z odpowiednimi instytucjami zawsze wtedy, gdy wymaga tego bezpiecze\u0144stwo osoby ma\u0142oletniej<\/li>\n<\/ul>\n\n\n\n<p>Robimy to z trosk\u0105, nie ze strachem \u2013 zawsze maj\u0105c na uwadze dobro dziecka.<\/p>\n\n\n\n<h2 class=\"wp-block-heading has-medium-font-size\" style=\"padding-top:1rem;padding-bottom:1rem\">Prywatno\u015b\u0107 i poufno\u015b\u0107<\/h2>\n\n\n\n<p>Szanujemy prywatno\u015b\u0107 os\u00f3b, kt\u00f3re do nas trafiaj\u0105.                                                                       Rozmowy i kontakt odbywaj\u0105 si\u0119 z zachowaniem poufno\u015bci, w granicach okre\u015blonych przez prawo i bezpiecze\u0144stwo.<\/p>\n\n\n\n<p>To co zostaje powiedziane w zaufaniu, traktujemy z najwy\u017csz\u0105 odpowiedzialno\u015bci\u0105.<\/p>\n\n\n\n<h2 class=\"wp-block-heading has-medium-font-size\" style=\"padding-top:1rem;padding-bottom:1rem\">Kiedy potrzebna jest dodatkowa pomoc<\/h2>\n\n\n\n<p>Je\u015bli sytuacja tego wymaga, pomagamy znale\u017a\u0107 kontakt do specjalist\u00f3w lub instytucji, kt\u00f3re mog\u0105 zapewni\u0107 dalsze, profesjonalne wsparcie. Nie zostawiamy nikogo samego z trudnymi emocjami.<\/p>\n\n\n\n<p style=\"padding-top:2rem;padding-bottom:2rem\">Bezpiecze\u0144stwo to poczucie, \u017ce kto\u015b jest obok \u2013 uwa\u017cnie, spokojnie i z trosk\u0105.<\/p>\n\n\n\n<p><\/p>\n","protected":false},"excerpt":{"rendered":"<p>Bezpieczna przestrze\u0144 to podstawa W Fundacji Pod Skrzyd\u0142ami Anio\u0142\u00f3w bezpiecze\u0144stwo \u2013 emocjonalne i fizyczne \u2013 jest fundamentem ka\u017cdego dzia\u0142ania. Tworzymy przestrze\u0144, w kt\u00f3rej dzieci, m\u0142odzie\u017c i doro\u015bli mog\u0105 czu\u0107 si\u0119 wys\u0142uchani, chronieni i traktowani z szacunkiem. Jak dbamy o bezpiecze\u0144stwo Bezpiecze\u0144stwo to dla nas nie kontrola \u2013 to relacja oparta na zaufaniu. Ochrona dzieci i [&hellip;]<\/p>\n","protected":false},"author":1,"featured_media":0,"parent":0,"menu_order":0,"comment_status":"closed","ping_status":"closed","template":"","meta":{"footnotes":""},"class_list":["post-13","page","type-page","status-publish","hentry"],"jetpack_sharing_enabled":true,"_links":{"self":[{"href":"https:\/\/fundacjapodskrzydlamianiolow.pl\/index.php?rest_route=\/wp\/v2\/pages\/13","targetHints":{"allow":["GET"]}}],"collection":[{"href":"https:\/\/fundacjapodskrzydlamianiolow.pl\/index.php?rest_route=\/wp\/v2\/pages"}],"about":[{"href":"https:\/\/fundacjapodskrzydlamianiolow.pl\/index.php?rest_route=\/wp\/v2\/types\/page"}],"author":[{"embeddable":true,"href":"https:\/\/fundacjapodskrzydlamianiolow.pl\/index.php?rest_route=\/wp\/v2\/users\/1"}],"replies":[{"embeddable":true,"href":"https:\/\/fundacjapodskrzydlamianiolow.pl\/index.php?rest_route=%2Fwp%2Fv2%2Fcomments&post=13"}],"version-history":[{"count":4,"href":"https:\/\/fundacjapodskrzydlamianiolow.pl\/index.php?rest_route=\/wp\/v2\/pages\/13\/revisions"}],"predecessor-version":[{"id":62,"href":"https:\/\/fundacjapodskrzydlamianiolow.pl\/index.php?rest_route=\/wp\/v2\/pages\/13\/revisions\/62"}],"wp:attachment":[{"href":"https:\/\/fundacjapodskrzydlamianiolow.pl\/index.php?rest_route=%2Fwp%2Fv2%2Fmedia&parent=13"}],"curies":[{"name":"wp","href":"https:\/\/api.w.org\/{rel}","templated":true}]}}

Bezpieczeństwo

<h2 class="wp-block-heading has-medium-font-size" style="padding-top:1rem;padding-bottom:1rem">Bezpieczna przestrzeń to podstawa</h2>



<p>W Fundacji Pod Skrzydłami Aniołów bezpieczeństwo – emocjonalne i fizyczne – jest fundamentem każdego działania.</p>



<p>Tworzymy przestrzeń, w której dzieci, młodzież i dorośli mogą czuć się wysłuchani, chronieni i traktowani z szacunkiem.</p>



<h2 class="wp-block-heading has-medium-font-size" style="padding-top:1rem;padding-bottom:1rem">Jak dbamy o bezpieczeństwo</h2>



<ul class="wp-block-list">
<li>działamy z uważnością i wrażliwością na granice drugiego człowieka</li>



<li>nie oceniamy, nie wywieramy presji, nie narzucamy rozwiązań</li>



<li>wspieramy w tempie, które jest bezpieczne i komfortowe dla osoby potrzebującej</li>



<li>kierujemy  się empatią, odpowiedzialnością i etyką pracy z drugim człowiekiem   </li>
</ul>



<p>Bezpieczeństwo to dla nas nie kontrola – to relacja oparta na zaufaniu.</p>



<h2 class="wp-block-heading has-medium-font-size" style="padding-top:1rem;padding-bottom:1rem">Ochrona dzieci i młodzieży</h2>



<p>Szczególną troską otaczamy dzieci i młodzież.                                                                                   Nasze działania są zgodne z obowiązującymi w Polsce przepisami dotyczącymi ochrony osób małoletnich, w tym m.in.</p>



<ul class="wp-block-list">
<li>ustawą o przeciwdziałaniu przemocy domowej</li>



<li>ustawą o wspieraniu i resocjalizacji nieletnich</li>



<li>standardami ochrony małoletnich przepisami dotyczącymi danych osobowych</li>
</ul>



<p>W praktyce oznacza to, że</p>



<ul class="wp-block-list">
<li>Każda forma wsparcia odbywa się w sposób bezpieczny i przejrzysty</li>



<li>reagujemy, gdy pojawia się sygnał zagrożenia dobra dziecka</li>



<li>współpracujemy z odpowiednimi instytucjami zawsze wtedy, gdy wymaga tego bezpieczeństwo osoby małoletniej</li>
</ul>



<p>Robimy to z troską, nie ze strachem – zawsze mając na uwadze dobro dziecka.</p>



<h2 class="wp-block-heading has-medium-font-size" style="padding-top:1rem;padding-bottom:1rem">Prywatność i poufność</h2>



<p>Szanujemy prywatność osób, które do nas trafiają.                                                                       Rozmowy i kontakt odbywają się z zachowaniem poufności, w granicach określonych przez prawo i bezpieczeństwo.</p>



<p>To co zostaje powiedziane w zaufaniu, traktujemy z najwyższą odpowiedzialnością.</p>



<h2 class="wp-block-heading has-medium-font-size" style="padding-top:1rem;padding-bottom:1rem">Kiedy potrzebna jest dodatkowa pomoc</h2>



<p>Jeśli sytuacja tego wymaga, pomagamy znaleźć kontakt do specjalistów lub instytucji, które mogą zapewnić dalsze, profesjonalne wsparcie. Nie zostawiamy nikogo samego z trudnymi emocjami.</p>



<p style="padding-top:2rem;padding-bottom:2rem">Bezpieczeństwo to poczucie, że ktoś jest obok – uważnie, spokojnie i z troską.</p>



<p></p>

<p>Bezpieczna przestrzeń to podstawa W Fundacji Pod Skrzydłami Aniołów bezpieczeństwo – emocjonalne i fizyczne – jest fundamentem każdego działania. Tworzymy przestrzeń, w której dzieci, młodzież i dorośli mogą czuć się wysłuchani, chronieni i traktowani z szacunkiem. Jak dbamy o bezpieczeństwo Bezpieczeństwo to dla nas nie kontrola – to relacja oparta na zaufaniu. Ochrona dzieci i [&hellip;]</p>
